est common factor of 345 and 2970?
15
What is the greatest common divisor of 542085 and 45?
15
What is the highest common divisor of 5306 and 2044?
14
Calculate the greatest common divisor of 748 and 682.
22
Calculate the greatest common factor of 720563 and 87.
29
What is the greatest common divisor of 35516 and 8?
4
What is the highest common divisor of 13617 and 2091?
51
What is the highest common factor of 109 and 101?
1
Calculate the highest common divisor of 294 and 28238.
14
Calculate the highest common factor of 12 and 86514.
6
Calculate the highest common divisor of 44 and 146509.
11
What is the highest common factor of 453875 and 175?
25
Calculate the greatest common factor of 5969563 and 29.
29
What is the greatest common divisor of 17496 and 864?
216
What is the greatest common factor of 8162 and 19712?
154
Calculate the highest common factor of 3870168 and 1095.
219
What is the greatest common factor of 13148245 and 61?
61
What is the greatest common factor of 4531 and 207?
23
What is the highest common divisor of 138 and 146004?
138
What is the highest common factor of 24063 and 351?
39
Calculate the greatest common factor of 13015 and 304.
19
What is the highest common factor of 6757 and 2563?
233
What is the greatest common factor of 3294 and 20466?
54
Calculate the greatest common divisor of 15092 and 56.
28
Calculate the greatest common divisor of 108 and 804552.
12
Calculate the highest common factor of 167520 and 85156.
1396
Calculate the greatest common factor of 884 and 7748.
52
What is the greatest common divisor of 22107 and 3?
3
What is the highest common divisor of 391154 and 6168?
514
What is the greatest common divisor of 284 and 1501?
1
Calculate the greatest common divisor of 28 and 364324.
4
What is the greatest common divisor of 2396576 and 78?
26
What is the greatest common factor of 21 and 303?
3
What is the highest common divisor of 1440 and 3510?
90
Calculate the greatest common divisor of 266311 and 753.
251
What is the highest common factor of 1066688 and 112?
112
Calculate the highest common factor of 848 and 297224.
424
What is the highest common divisor of 6643 and 832?
13
What is the greatest common divisor of 93 and 27373?
31
What is the greatest common divisor of 5265 and 52?
13
Calculate the greatest common factor of 32 and 420448.
32
What is the highest common factor of 79534 and 15732?
874
What is the highest common factor of 33 and 846472?
11
Calculate the highest common divisor of 186449 and 1269.
47
Calculate the highest common factor of 20988 and 66.
66
What is the highest common factor of 2150 and 44333?
43
Calculate the highest common divisor of 1712 and 6955.
107
Calculate the greatest common divisor of 11565 and 10.
5
Calculate the greatest common factor of 138 and 44436.
138
What is the greatest common factor of 62510 and 2375?
95
What is the highest common factor of 9738 and 216?
18
Calculate the highest common divisor of 154077 and 30943.
319
Calculate the greatest common factor of 188 and 1143463.
47
Calculate the highest common factor of 93 and 31496.
31
Calculate the highest common factor of 3744 and 585072.
144
Calculate the greatest common divisor of 735 and 4130945.
245
Calculate the greatest common divisor of 1151451 and 1764.
441
Calculate the greatest common divisor of 7097 and 141.
47
Calculate the greatest common divisor of 190855 and 615.
205
What is the highest common factor of 539 and 6853?
77
Calculate the greatest common factor of 9 and 40344.
3
What is the highest common factor of 2448 and 1800?
72
Calculate the greatest common divisor of 2968002 and 93.
93
What is the greatest common divisor of 155044 and 9807?
467
What is the highest common factor of 37 and 223739?
37
What is the greatest common factor of 962196 and 4?
4
Calculate the highest common divisor of 80780 and 112.
28
What is the greatest common factor of 3523212 and 252?
252
Calculate the highest common factor of 1040 and 13696.
16
Calculate the greatest common factor of 1204260 and 60.
60
Calculate the highest common factor of 79 and 83977.
79
What is the greatest common divisor of 700280 and 72160?
1640
Calculate the greatest common factor of 26 and 298.
2
What is the highest common divisor of 43824 and 48576?
528
What is the highest common factor of 7310212 and 604?
604
Calculate the greatest common factor of 26 and 537238.
26
What is the highest common divisor of 171 and 85291?
19
Calculate the greatest common divisor of 175 and 970375.
175
What is the highest common factor of 54 and 302?
2
What is the greatest common divisor of 13 and 999596?
13
What is the highest common divisor of 1645784 and 56?
56
Calculate the greatest common factor of 110 and 52492.
22
What is the highest common divisor of 320 and 5770?
10
Calculate the greatest common divisor of 6851 and 196571.
527
What is the highest common factor of 616014 and 189?
63
Calculate the highest common divisor of 253 and 980375.
253
Calculate the highest common divisor of 184005 and 1740.
435
Calculate the greatest common divisor of 260 and 42965.
65
What is the greatest common divisor of 194579 and 396?
11
What is the highest common factor of 89724 and 12?
12
Calculate the highest common factor of 216 and 19872.
216
What is the greatest common divisor of 8514 and 1518?
66
What is the highest common divisor of 1164952 and 2676?
892
What is the greatest common factor of 336 and 189861?
21
Calculate the highest common divisor of 128 and 44480.
64
Calculate the highest common divisor of 34 and 1244842.
34
Calculate the highest common factor of 51365 and 155.
5
What is the greatest common divisor of 12742 and 1058?
46
What is the highest common factor of 2161420 and 268?
268
What is the greatest common factor of 112 and 22928?
16
What is the highest common divisor of 52376 and 56?
8
What is the highest common factor of 9 and 286047?
9
What is the highest common divisor of 549 and 10126?
61
What is the highest common factor of 1639 and 15943?
149
What is the greatest common factor of 2461 and 117165?
107
Calculate the greatest common factor of 2624 and 1927.
41
What is the highest common factor of 4116 and 100?
4
Calculate the highest common divisor of 623155 and 52.
13
Calculate the highest common divisor of 392748 and 12.
12
Calculate the highest common divisor of 53703 and 9.
9
Calculate the highest common divisor of 143956 and 58.
58
Calculate the greatest common factor of 57135 and 4485.
195
Calculate the greatest common divisor of 264776 and 3128.
184
What is the highest common divisor of 2970 and 869?
11
Calculate the highest common factor of 886896 and 48.
48
What is the highest common factor of 16 and 336496?
16
Calculate the highest common divisor of 26271 and 567.
189
Calculate the greatest common divisor of 904 and 93790.
226
What is the greatest common divisor of 1885 and 613205?
145
What is the greatest common divisor of 106899 and 52?
13
What is the greatest common factor of 1070 and 40?
10
What is the highest common divisor of 1288 and 155296?
184
What is the greatest common factor of 1664 and 6016?
128
Calculate the highest common divisor of 20 and 1867950.
10
Calculate the greatest common factor of 1197 and 161.
7
What is the highest common factor of 26 and 177047?
13
What is the highest common divisor of 117 and 459?
9
What is the greatest common divisor of 656463 and 381?
381
What is the greatest common factor of 96 and 61032?
24
What is the greatest common factor of 1841460 and 330?
30
What is the highest common divisor of 1485 and 354321?
297
Calculate the highest common factor of 357 and 3276.
21
What is the highest common divisor of 3944 and 318784?
136
Calculate the greatest common factor of 176 and 30672.
16
What is the highest common divisor of 3780 and 360780?
420
Calculate the highest common factor of 15 and 161560.
5
Calculate the greatest common factor of 1683 and 6501.
33
Calculate the greatest common factor of 378 and 1390095.
189
Calculate the greatest common divisor of 8876 and 8559.
317
What is the greatest common factor of 893877 and 2601?
867
Calculate the greatest common factor of 13 and 13.
13
What is the highest common factor of 69 and 354223?
23
What is the highest common factor of 70172 and 2317?
331
Calcu